13) in base 5?
2023132
Convert 1232 (base 11) to base 9.
2176
What is 135 (base 16) in base 8?
465
Convert ad27 (base 14) to base 10.
30023
What is -133132 (base 4) in base 14?
-a3c
1382 (base 12) to base 16
8d2
-2004 (base 7) to base 15
-310
Convert 3b15 (base 14) to base 9.
15243
What is 5cc7 (base 16) in base 11?
16932
-1733 (base 8) to base 9
-1316
What is 16b (base 15) in base 13?
1c1
Convert -21131 (base 4) to base 11.
-500
135 (base 9) to base 15
78
-1c8 (base 13) to base 2
-101001101
-2005 (base 12) to base 6
-24005
Convert -78c (base 15) to base 11.
-1312
Convert -266 (base 11) to base 8.
-472
What is -266 (base 9) in base 13?
-141
-624 (base 12) to base 9
-1201
Convert 2138 (base 10) to base 16.
85a
-e2b (base 15) to base 4
-301313
Convert ec57 (base 15) to base 2.
1100001101110000
4046 (base 11) to base 3
21101001
What is -111111011101101 (base 2) in base 14?
-bbad
Convert -183 (base 14) to base 7.
-623
What is -17756 (base 10) in base 2?
-100010101011100
What is -247 (base 8) in base 12?
-11b
What is -2744 (base 9) in base 5?
-31230
What is -b879 (base 13) in base 5?
-1304434
Convert -12103 (base 4) to base 14.
-20b
9a04 (base 12) to base 7
100360
What is 11220222 (base 3) in base 11?
2774
226a (base 13) to base 7
20024
-11566 (base 7) to base 3
-11011111
Convert -3675 (base 10) to base 13.
-1899
362 (base 9) to base 12
20b
-92 (base 15) to base 5
-1022
What is 2dd (base 14) in base 11?
494
What is -66211 (base 7) in base 3?
-211201201
Convert 15613 (base 7) to base 6.
32244
Convert 113 (base 4) to base 14.
19
5463 (base 8) to base 2
101100110011
2121 (base 5) to base 3
101121
What is 680 (base 9) in base 13?
33c
What is -624 (base 8) in base 14?
-20c
Convert 2c6 (base 13) to base 16.
1f4
Convert 31412 (base 6) to base 11.
321a
-117c (base 14) to base 2
-101111101010
d7 (base 14) to base 12
139
-44521 (base 6) to base 10
-6241
b73 (base 16) to base 14
10d5
-144330 (base 5) to base 13
-2aa1
Convert 59 (base 16) to base 7.
155
What is -10101100001 (base 2) in base 5?
-21002
Convert -54b (base 15) to base 9.
-1568
What is e50 (base 16) in base 4?
321100
What is -2275 (base 9) in base 2?
-11010011000
Convert 179 (base 11) to base 13.
12c
10012121020 (base 3) to base 10
63132
214 (base 5) to base 6
135
Convert -bb (base 14) to base 6.
-433
What is -1000011010 (base 2) in base 14?
-2a6
51757 (base 8) to base 5
1141422
-940 (base 13) to base 4
-120211
Convert -1000011101 (base 2) to base 16.
-21d
Convert 24361 (base 8) to base 7.
42362
101110 (base 4) to base 7
3142
Convert -698 (base 11) to base 4.
-31001
Convert 401 (base 14) to base 16.
311
Convert 34343 (base 10) to base 5.
2044333
What is -11043 (base 5) in base 12?
-545
Convert -2c61 (base 15) to base 16.
-2545
Convert 400 (base 5) to base 9.
121
16760 (base 9) to base 8
26444
1101010000 (base 2) to base 7
2321
5554 (base 10) to base 5
134204
100111100110 (base 2) to base 16
9e6
-110131 (base 4) to base 7
-3550
-324141 (base 6) to base 14
-9ad7
110100010111001 (base 2) to base 14
9aad
What is 166 (base 10) in base 16?
a6
What is -56604 (base 9) in base 13?
-141b8
What is 10010101001000 (base 2) in base 12?
5634
Convert -1749 (base 10) to base 12.
-1019
What is 11b (base 13) in base 8?
301
What is -222a4 (base 11) in base 7?
-163112
-2211 (base 3) to base 8
-114
What is 5126 (base 8) in base 5?
41041
What is -235 (base 7) in base 14?
-8c
Convert -101100010 (base 2) to base 15.
-189
Convert -11856 (base 14) to base 15.
-ca39
What is 100011101 (base 2) in base 3?
101120
Convert 1 (base 4) to base 14.
1
What is -974 (base 11) in base 15?
-530
-2470 (base 10) to base 11
-1946
-10000010101 (base 2) to base 13
-625
-5123 (base 6) to base 8
-2153
Convert -46005 (base 11) to base 2.
-10000001111111011
What is -1012110 (base 3) in base 2?
-1101101100
Convert 3a6 (base 15) to base 13.
4bc
-1175 (base 12) to base 8
-3651
What is 243351 (base 6) in base 5?
1142043
Convert -21226 (base 10) to base 6.
-242134
What is 154260 (base 7) in base 14?
b0a0
What is 1011010101010 (base 2) in base 11?
43a5
-3355 (base 8) to base 2
-11011101101
Convert -101001101 (base 2) to base 11.
-283
-42635 (base 9) to base 8
-67074
-25fb (base 16) to base 8
-22773
What is -10442 (base 10) in base 6?
-120202
3130 (base 8) to base 9
2204
100222 (base 3) to base 11
225
1002210 (base 3) to base 6
3420
Convert 3a5f (base 16) to base 3.
202111110
Convert -101 (base 8) to base 16.
-41
2012211201 (base 3) to base 11
2a859
What is -10011011 (base 2) in base 7?
-311
575 (base 14) to base 13
654
What is 151632 (base 7) in base 16?
7320
What is 7a (base 13) in base 4?
1211
Convert 1035155 (base 6) to base 13.
1a6b7
Convert 1012 (base 3) to base 8.
40
What is 1310 (base 8) in base 2?
1011001000
Convert -848 (base 14) to base 5.
-23012
Convert -144302 (base 5) to base 15.
-1c87
-10475 (base 8) to base 6
-32233
What is -216 (base 8) in base 12?
-ba
-1012 (base 14) to base 13
-1344
What is -1034 (base 12) in base 2?
-11011101000
Convert -111022 (base 6) to base 7.
-36056
Convert 134 (base 10) to base 8.
206
What is -7e9 (base 15) in base 6?
-12150
-24443 (base 6) to base 5
-104002
-112102 (base 6) to base 15
-2c62
ccab (base 13) to base 2
110111101110101
Convert b2b (base 12) to base 13.
977
Convert -16511 (base 7) to base 2.
-1001001101000
What is -9748 (base 16) in base 13?
-14821
332 (base 14) to base 16
278
24115 (base 7) to base 13
2ab8
What is -c3a7 (base 14) in base 4?
-20031333
-42752 (base 10) to base 15
-ca02
What is -201002 (base 3) in base 7?
-1334
What is -110530 (base 9) in base 10?
-66042
What is 325313 (base 6) in base 12?
13839
Convert -19626 (base 12) to base 13.
-13c02
What is -1123012 (base 4) in base 5?
-141310
43512 (base 6) to base 4
1132010
615 (base 8) to base 11
331
Convert -1672 (base 12) to base 13.
-12b0
What is -625 (base 16) in base 10?
-1573
What is 1713 (base 10) in base 12?
ba9
-13b8 (base 14) to base 13
-178a
1110010 (base 2) to base 3
11020
Convert -4000 (base 7) to base 15.
-617
549 (base 10) to base 13
333
What is -7801 (base 9) in base 4?
-1121320
553 (base 16) to base 10
1363
2304323 (base 5) to base 2
1010000011111101
Convert 30a (base 13) to base 14.
28d
121322 (base 7) to base 16
5663
Convert -50410 (base 6) to base 11.
-4a88
Convert -220440 (base 5) to base 16.
-1dc4
What is -10b8 (base 12) in base 14?
-976
-55802 (base 9) to base 16
-90ec
Convert -31201 (base 5) to base 9.
-2728
What is -424032 (base 5) in base 8?
-33673
-621a (base 12) to base 16
-29b6
-100010101100100 (base 2) to base 16
-4564
Convert -28130 (base 12) to base 7.
-320511
Convert -2864 (base 12) to base 14.
-19c8
Convert -782 (base 12) to base 13.
-671
What is 1031 (base 9) in base 11?
629
What is -11c99 (base 13) in base 9?
-50128
242 (base 10) to base 11
200
What is -2000002200 (base 3) in base 9?
-60080
Convert 10802 (base 9) to base 3.
100220002
1574 (base 8) to base 13
538
What is 1cd (base 16) in base 5?
3321
477a (base 11) to base 6
44550
What is 91c (base 14) in base 10?
1790
-6614 (base 10) to base 14
-25a6
Convert 5414 (base 6) to base 15.
574
What is 10024 (base 6) in base 15?
5c7
730 (base 8) to base 4
13120
Convert -2551 (base 8) to base 2.
-10101101001
1341 (base 5) to base 9
265
Convert 62 (base 16) to base 3.
10122
What is -10320 (base 5) in base 13?
-428
-31b8 (base 15) to base 12
-610b
What is -5925 (base 10) in base 7?
-23163
Convert -1971 (base 13) to base 5.
-110220
27ad (base 16) to base 4
2132231
Convert -430455 (base 6) to base 10.
-35171
What is 16867 (base 11) in base 6?
301324
1 (base 3) to base 9
1
Convert 1111 (base 12) to base 6.
12421
What is 16342 (base 7) in base 6?
33244
Convert -10750 (base 9) to base 5.
-212143
What is e6 (base 16) in base 7?
446
Convert -711 (base 15) to base 5.
-22331
Convert 102020 (base 4) to base 16.
488
-113321 (base 6) to base 14
-382d
What is 25 (base 16) in base 11?
34
Convert -9a (base 12) to base 7.
-226
Convert 31441 (base 5) to base 11.
1659
Convert -19539 (base 11) to base 12.
-13943
Convert 10010100101 (base 2) to base 7.
3316
What is -131411 (base 5) in base 4?
-1101233
What is -a619 (base 11) in base 12?
-8174
What is 105402 (base 7) in base 11?
13079
Convert 357 (base 11) to base 15.
1d5
What is 7582 (base 9) in base 6?
41502
Convert 643 (base 9) to